4. What is the greatest common factor of u and 26?
26
Let t(p) = 7*p - 56. Let m be t(24). What is the highest common divisor of m and 16?
16
Let i be 9/(1 + -1 + -1). Let u = 4 + i. Let k be -2 - -1 - (u + -1). What is the highest common factor of 1 and k?
1
Let w be (1 - 4/2)*-66. Let u(m) = 7*m. Let i(d) = -d. Let t(k) = 39*i(k) + 6*u(k). Let n be t(2). What is the greatest common divisor of n and w?
6
Let u = -192 - -353. What is the highest common divisor of 23 and u?
23
Let g = 131 - 54. Suppose 3*d - 26 + 5 = 0. Calculate the highest common divisor of d and g.
7
Let z(h) = h**2 + 11*h - 15. Let u be z(-12). Let r be 1955/15 - u/(-9). Calculate the greatest common factor of 52 and r.
26
Let p(l) = l**2 + 2*l + 3. Let k = -12 + 10. Let u be p(k). Calculate the greatest common factor of u and 15.
3
Suppose 0*o = -5*o + 15. Calculate the highest common factor of 2 and o.
1
Suppose -4*l + l = -24. Let s = 388 - 332. Calculate the greatest common divisor of l and s.
8
Suppose -2*c + 5*i + 8 = -301, 4*i = 12. Calculate the highest common divisor of c and 18.
18
Let h = 30 + 27. Let l = -2 + 40. What is the greatest common divisor of l and h?
19
Let z = 48 - 33. What is the greatest common divisor of 15 and z?
15
Suppose -2*u - 38 = -5*h, -u = 3*u + 16. Calculate the highest common factor of 42 and h.
6
Let m = -36 - -66. What is the greatest common factor of 15 and m?
15
Let u be ((-14)/8)/((-5)/40). Let r = 36 - u. Let f = r + -12. What is the greatest common factor of 90 and f?
10
Let c = -64 + 77. Calculate the greatest common divisor of c and 91.
13
Let v(w) = w**3 - 12*w**2 + w - 11. Let n be v(12). Calculate the highest common factor of 11 and n.
1
Let q = 17 + -8. Let c(b) = b**3 - 3*b**2 - 3*b - 2. Let r be c(4). Let o = r + 1. Calculate the highest common factor of o and q.
3
Let t(p) = p**2 + 5*p - 14. Let r(v) = -3*v + 5. Let i be r(6). Let n be t(i). What is the highest common factor of n and 10?
10
Suppose -10*n - 233 + 1773 = 0. Calculate the highest common divisor of 14 and n.
14
Let o be (350/4)/5*2. Let q = -11 - -6. Let r be 10/q*(-5)/2. Calculate the greatest common divisor of o and r.
5
Let f(c) = -c**3 - 2*c**2 + 6*c + 3. Let g be f(-4). Calculate the greatest common factor of g and 33.
11
Suppose -3*m + 0*m + 603 = 0. Let s = m - 96. Calculate the highest common factor of s and 15.
15
Let a be 1/3 + 64/24. Suppose -2*y = -2*l, -5*l = -a*l - 3*y + 3. What is the greatest common divisor of l and 21?
3
Let s = -1 - -8. Let p = s + 14. What is the highest common factor of p and 7?
7
Let i(b) = b**3 + 4*b**2 + b + 4. Let v be i(-3). Suppose v + 0 = 2*o. What is the greatest common divisor of o and 25?
5
Let u(r) = -4*r - 10. Let b be u(-4). What is the highest common divisor of 12 and b?
6
Let z = 16 + 39. What is the greatest common divisor of z and 22?
11
Suppose 6*t - 54 = -0*t. Let f = 10 + -7. Calculate the highest common factor of t and f.
3
Let k(j) = j**3 + 9*j**2 - j - 7. Let p be k(-5). What is the greatest common factor of p and 14?
14
Suppose 0 = -25*v + 22*v + 9. Let k be 15/9*3 + 1. What is the highest common factor of v and k?
3
Let q = -58 - -118. Calculate the highest common factor of q and 24.
12
Suppose 4*s + 95 = 5*v - s, -s - 67 = -4*v. Let o(x) = x + 8. Let w be o(-8). Suppose 4*p - 400 + 144 = w. What is the greatest common factor of p and v?
16
Let u(c) = c**2 - 15*c + 29. Let v be u(13). Calculate the highest common divisor of v and 27.
3
Let x be 2/(-3) - 152/(-12). Let h = 3 + x. What is the highest common factor of 120 and h?
15
Let f be (-11)/((-1)/(-2)*-2). Let x = f + -9. Suppose 36 = 5*u + 4*i, -14 = -3*u + i + 11. What is the greatest common divisor of x and u?
2
Let r be (-6)/4*10/(-15). Let g be (-4)/(6/(-3)) + r. Suppose 3*z + 0*z - g*w - 99 = 0, 0 = 4*z + 3*w - 111. What is the highest common factor of z and 45?
15
Let h = 84 + -68. Calculate the highest common divisor of 144 and h.
16
Let c(b) = -b**3 + 8*b**2 + 4*b + 14. Let o be c(6). Calculate the highest common divisor of o and 10.
10
Let w = -8 + 41. Calculate the greatest common factor of w and 3.
3
Suppose 2*b = 5*g + 33, 0 = b - 2*g + 7*g + 6. Let w(q) = 2*q**2 + 6*q + 9. Let j be w(-6). Calculate the greatest common factor of b and j.
9
Suppose c = -5*m + 328, 4*m - 257 = -0*m + c. Calculate the highest common factor of 26 and m.
13
Let z(o) = -o**3 - 3*o**2 + 6*o - 2. Let y = -49 + 71. Suppose 3*a + y = 4. Let f be z(a). What is the greatest common divisor of f and 28?
14
Suppose 170 = z + 3*f, 176 = z + 5*f - 0*f. Let i = 39 + -16. What is the highest common divisor of z and i?
23
Let r be (173 + -1)*2/4. Suppose 3*b - 109 = -4*v, -4*b = -3*v - 223 + r. Let g = 4 - -1. Calculate the greatest common divisor of g and b.
5
Let c(z) = 20*z - 8. Let b be c(4). Calculate the greatest common divisor of b and 18.
18
Suppose -18 = -0*f - 2*f. Let p = 99 - 0. What is the greatest common factor of p and f?
9
Suppose 4*y + 339 = 99. Let k be y/(-5) - (-1 - -1). What is the greatest common factor of k and 12?
12
Let q = -46 + 86. Let k = -20 + q. What is the highest common divisor of 220 and k?
20
Let g be (9/(-4))/(2/(-16)). Suppose -4*t + 106 = g. Calculate the greatest common divisor of t and 220.
22
Let r(c) be the third derivative of 19*c**4/24 - c**2. Let t be r(2). Suppose -t = -3*w - 14. What is the greatest common factor of 1 and w?
1
Let i = 5 - -1. Let v(p) = -3*p - 2 - 3 + i. Let q be v(-7). Calculate the greatest common divisor of 55 and q.
11
Let d = 15 + -11. Suppose -d*a = -3*o - 16, -6*a + 2*o + 11 = -3*a. What is the highest common divisor of a and 4?
1
Let k(c) = 5*c**2 + 11*c + 4. Let l be k(-4). Calculate the greatest common factor of 8 and l.
8
Let z = -11 + 11. Let h = 6 - z. Calculate the highest common factor of h and 54.
6
Let h(z) = 3*z - 10. Let n be h(9). Calculate the greatest common factor of n and 68.
17
Let l = -46 - -121. Let w = 0 - 5. Let r(s) = s**2 - 2*s - 5. Let a be r(w). What is the highest common divisor of l and a?
15
Suppose -7 = -y + 3. Let q = 86 + 4. What is the greatest common divisor of y and q?
10
Let l = -71 + 123. Suppose -4*y + 6*d + 67 = 3*d, 4*y = 5*d + 77. Calculate the highest common divisor of y and l.
13
Suppose d - 46 = 2*v, -4 = -5*d + v + 181. Suppose 0 = 2*l - 4*h - d - 10, 102 = 5*l + 3*h. What is the greatest common factor of 105 and l?
21
Let c be ((-16)/(-12))/((-16)/(-12)). What is the highest common factor of c and 5?
1
Let n be 2*(-2 + 0)/2. Let q = 17 + n. What is the highest common divisor of q and 60?
15
Suppose y = -3*v + 262, -y - 310 = -3*v - 44. Let f be -1*2 - 5*-1. Suppose -f*q + q = -16. What is the highest common divisor of q and v?
8
Suppose 3*d + 6 - 35 = -c, c - 31 = -2*d. What is the highest common divisor of c and 10?
5
Let v(c) = c + 1. Let j be v(10). What is the highest common factor of 121 and j?
11
Let o(c) = 81*c - 1. Let y be o(-1). Let u = y - -19. Let g = u + 99. Calculate the greatest common divisor of g and 90.
18
Suppose -2*f + 3*p + 202 - 73 = 0, -5*p - 15 = 0. Suppose -2*r = -2*g - f, -2*r = -0*r - 5*g - 66. What is the greatest common factor of 4 and r?
4
Let i(f) = f**3 - 7*f**2 + 4*f + 13. Let t be i(6). What is the greatest common divisor of t and 2?
1
Let v = -24 + 123. Suppose 3*k - 3 = 0, -4*k + 3*k - v = -2*b. Let a(o) = -2*o + 4. Let u be a(-3). What is the greatest common factor of b and u?
10
Suppose 0*l - 6 = -l. What is the highest common factor of 18 and l?
6
Suppose 73 + 35 = 3*k. What is the greatest common factor of 12 and k?
12
Suppose 4*d = 3*w - 56, 5*w + d - 7 = 4*w. Calculate the greatest common factor of 6 and w.
6
Let z(c) = -c + 2. Let r be z(0). Let f be 0 + (-3)/(9/(-3)). Let k(p) = 16*p**3 - p**2 + 1. Let w be k(f). What is the greatest common factor of r and w?
2
Let x = -73 - -122. Let k = -11 + 18. What is the highest common factor of x and k?
7
Let i(d) = d**3 - 11*d**2 + 11*d. Let m be 1/(-2) - (-42)/4. Suppose -m = -t - 0*t. Let n be i(t). Calculate the highest common factor of n and 40.
10
Let j be (-3)/7 + (-870)/(-70). What is the highest common divisor of 48 and j?
12
Let d(g) = 8*g**3 + g**2 + 2*g - 3. Let i be d(1). Calculate the greatest common divisor of 72 and i.
8
Suppose -u + 12 = -0*u + p, 4*p